)))/(2/(-7)). Calculate the remainder when 66 is divided by l(c).
10
Let c(j) = 3*j**2 + 340*j - 3825. What is the remainder when 4452 is divided by c(11)?
4
Let t = 9932 + -9836. Calculate the remainder when 361 is divided by t.
73
Suppose -2382 = -39*c - 705. Calculate the remainder when 312 is divided by c.
11
Suppose 17*x = 212 - 552. Calculate the remainder when 143 is divided by (0 - 36)/(x/20).
35
Suppose -4*d + 2*d = -2*n - 2, 3*d - 27 = -3*n. Suppose 13*y - 11*y - n = 0. What is the remainder when 266/7 + (4 + 2)/y is divided by 22?
19
Suppose -721 - 431 + 5444 = 74*l. Let j(w) = -6*w**3. Calculate the remainder when j(-3) is divided by l.
46
Let p(a) = 3*a**3 - 104*a**2 + 64*a + 199. Let v(b) = -b**3 + b + 38. What is the remainder when p(34) is divided by v(0)?
25
Suppose 5*m = 53 - 153. Let t(c) = -6*c - 97. Calculate the remainder when 160 is divided by t(m).
22
Suppose 0 = 5*y + 20, 2*y + 2 = -3*p - 0. Suppose -2*s - 3*n + 238 = 0, -5*s + 171 = -p*n - 386. What is the remainder when s is divided by 17?
11
Suppose 0 = -19*s - 162*s + 1213 + 2588. What is the remainder when 2035 is divided by s?
19
Suppose k + 1449 = 5*w, -5*w + 2*k = 4*k - 1437. Let h = -245 + w. Calculate the remainder when h is divided by 12.
8
Let s be 2811/(-36)*-3 - 2/8. Suppose 4*u - 30 = s. Let z = u - -9. Calculate the remainder when z is divided by 19.
18
Let g be (-22)/165 - 184/(-30). What is the remainder when (-2 - (-21)/g)*218 is divided by 33?
30
Let s(m) = -143*m**2 + 19*m + 2. Let p(k) = -96*k**2 + 13*k + 1. Let y(l) = 7*p(l) - 5*s(l). What is the remainder when y(-1) is divided by 21?
2
Let y = -17942 - -19099. Calculate the remainder when y is divided by 24.
5
Let v be 36 - (-3)/(-6)*(-1 + 7). Suppose 3*w - v + 27 = 0. Suppose w*q - 352 = -4*k, -4*q - k + 729 = 2*k. What is the remainder when q is divided by 47?
45
Let i = 631 - 257. Let k = i + -245. Calculate the remainder when k is divided by 12.
9
Let p = -6119 - -7064. What is the remainder when p is divided by 78?
9
What is the remainder when (4002/116)/(9/312) is divided by 15?
11
Let r(z) be the first derivative of z**4/4 - z**3/3 - 4*z**2 + 3*z + 9. Suppose -2*t = 2*t - 28. Calculate the remainder when r(4) is divided by t.
5
Suppose 3*n = 32*r - 31*r - 21, 3*n = -3*r + 87. What is the remainder when r is divided by 10?
7
Let b(h) = -h**2 + 48*h - 43. What is the remainder when 634 is divided by b(46)?
46
Suppose 92*a - 47*a = -94*a + 117316. Calculate the remainder when a is divided by 21.
4
Suppose 2*i - 5*h + 18 = 58, -2*h = 4*i - 32. Suppose -4*s = 2*k - 30, -k - 3*s - 3 = -23. Calculate the remainder when k is divided by i + -6 - 2/8*4.
2
Suppose -59 = -4*h - 7. Suppose -9*t + 5*t - 1496 = 0. Let s = t + 463. Calculate the remainder when s is divided by h.
11
Let d = 16500 - 16140. What is the remainder when d is divided by 75?
60
Let o = -12440 + 13412. What is the remainder when o is divided by 26?
10
Suppose d + 0*d - 3 = 0. Suppose -f + 1 = -d. Calculate the remainder when (4760/700)/((-27)/15 + 2) is divided by f.
2
Calculate the remainder when 99 is divided by -8*(-15)/(-18)*-3.
19
Let t(r) = 2*r + r**2 - r - 1087 + 1051. Let g = -70 - -146. What is the remainder when g is divided by t(7)?
16
Suppose -60*v + 740 = -1840. What is the remainder when v is divided by 9?
7
Suppose -5*h - h = 4*h. Let j be (-2)/1 - (h + 2). What is the remainder when 31 is divided by (-9)/(63/112)*2/j?
7
Let f(i) = -9*i**2 + 8*i - 115. Let g(q) = -2*q**2 + 2*q - 1. Let a(c) = -f(c) + 5*g(c). What is the remainder when 608 is divided by a(9)?
44
Suppose 3*a - 296 = -4*d + 131, -d - 4*a = -123. Calculate the remainder when d is divided by 17 + (5 - (-8)/(-2)).
13
Let r(y) = -y**2 + y + 1. Let z(q) = 3*q**2 - 7*q - 3. Let o(j) = 4*r(j) + z(j). Let l be o(-5). Let d = 34 + l. What is the remainder when 42 is divided by d?
17
Suppose 0 = b - 32 - 1. Suppose -b = -34*c + 31*c. What is the remainder when 98 is divided by c?
10
Calculate the remainder when ((-54)/(-5))/(2184/(-3330) - (-8)/12) is divided by 84.
75
Suppose 88 + 33 = -o. Let t = o + -151. Let k = -192 - t. Calculate the remainder when k is divided by 27.
26
Calculate the remainder when (106/3)/((-11067)/(-441) - 25) is divided by 15.
11
Let d = 858 + -848. Calculate the remainder when (-6)/9 + 1211/21 is divided by d.
7
Let f = 4801 - 4766. What is the remainder when 9134 is divided by f?
34
Let m = 418 + -263. Suppose -3*c - m = -5*q, -8*c = -5*q - 7*c + 145. Calculate the remainder when q is divided by 19.
9
Suppose -3*z - 4 = -4*z + 2*f, 0 = -4*z - 3*f + 38. Let o be (1 + 268/(-1))*(-21)/63. Let i = o - 53. What is the remainder when i is divided by z?
4
Let o(n) = 114*n**2 + 379*n + 3533. Calculate the remainder when o(-9) is divided by 20.
16
Suppose 3*c = -5*n + 136, n + 3*c = -2*n + 84. What is the remainder when (-48076)/(-374) - (-12)/(-22) is divided by n?
24
Let z = 198041 - 198014. Suppose -5*v = -0*v + 10. Let t = 107 + v. Calculate the remainder when t is divided by z.
24
Let r(j) = 756*j + 3095. What is the remainder when 295 is divided by r(-4)?
11
Let a(i) = -15 - 48*i - 16 - 24 + 3*i**2. Calculate the remainder when a(18) is divided by 14.
11
Suppose -n - 30 - 51 = 2*v, v - n + 45 = 0. Let h be ((-736)/24)/(4/(-6)). Let q = h + v. What is the remainder when 7 is divided by q?
3
Calculate the remainder when -10 + 204/21 - (-361360)/70 is divided by 68.
62
Suppose 3*k = 2*g + 903, -5*k - g + 0*g + 1505 = 0. Suppose 2*a = 5*j + 41, 2081*a - 2080*a - 2*j - 18 = 0. Calculate the remainder when k is divided by a.
5
Suppose -4*d - 75 = -z, z + 4*d - 8 - 91 = 0. Suppose 11*l - 5*j - 415 = 16*l, 3*l + 2*j = -252. What is the remainder when z is divided by 14/21 + l/(-6)?
12
Suppose 4*g = 5*g - x + 6, 0 = 3*g + 2*x + 18. Let m(t) = -t**2 - t + 32. What is the remainder when m(g) is divided by 2?
0
Let q be (-858)/(-27) - 2/(-9). Let p = q + -5. What is the remainder when p is divided by 4 - 11 - -4 - -18?
12
Calculate the remainder when 1/((-26)/(-260)*(-1)/(-165)) is divided by 816.
18
Suppose 7*d - 828 = 3*d. Suppose 3*v = -2*r + 76, -5*v + d = -3*r + 55. What is the remainder when v is divided by 17?
11
Suppose -5*d - 4*m + 464 = -d, -2*d = -5*m - 204. Calculate the remainder when d is divided by (-1183)/(-26) - -8 - (10/4 - 2).
6
What is the remainder when 2955 is divided by (-92516)/(-909) + 4/18?
99
Let q(y) = y**3 + y**2 + 129*y + 256. Calculate the remainder when q(0) is divided by 66.
58
Let c(f) = 873*f + 169. Suppose n = 3 + 1. Suppose -n*g + 10 = -10, 3*z - 52 = g. Calculate the remainder when c(0) is divided by z.
17
Suppose -l + 90 = -8*b + 5*b, -296 = -3*l - 4*b. What is the remainder when l is divided by -4 + (1 + -5)*750/(-120)?
12
Suppose 9*q - 5*y = 4*q + 95, -6*q = -4*y - 108. Calculate the remainder when 333 is divided by q.
13
Let z(k) = k**2 + 7*k - 6. Let j = 17 - 13. Suppose 11*d - 2*d - 132 = -3*d. What is the remainder when z(j) is divided by d?
5
Let o = -20 - 0. What is the remainder when (0 + o*7)*(-4)/8 is divided by 4?
2
Let d(p) = -164*p - 2. Let a = -95 + 124. Calculate the remainder when d(-3) is divided by a.
26
Suppose 3*h = 0, -f + 188 = h + 491. Let c = -201 - f. What is the remainder when c is divided by 15?
12
Let q = -367 - 138. Let u = q - -530. What is the remainder when 219 is divided by u?
19
Suppose -3*c + 103*m + 593 = 98*m, 0 = -5*c + 9*m + 993. Calculate the remainder when 1179 is divided by c.
63
Suppose -z - 59 = -m - 2*m, -3*m - 5*z + 47 = 0. Suppose 58*q - 19*q + 36 = 2220. What is the remainder when q is divided by m?
18
Suppose -f - 2*m = -484, f - 36*m + 40*m - 490 = 0. What is the remainder when f is divided by 51?
19
Suppose 97*k = 34919 + 292. Calculate the remainder when k is divided by 176.
11
Let s(c) = 2*c + 439*c**2 - 4*c**3 - 439*c**2 + 2. Let p be s(-1). Calculate the remainder when 43 is divided by 1/((-30)/(-27) - 4/p).
7
What is the remainder when (0 - (-43)/3)*(120 - 93) is divided by 99?
90
Let u be (-22)/(7/28*30 + -7). Suppose 4*h - 204 = 3*t, -3*t + 0*h = -h + 195. Let n = u - t. Calculate the remainder when n is divided by 5.
0
What is the remainder when 3167 is divided by (-15)/10 - (-468)/24?
17
Suppose -3*s - y - 5 = 0, -s + 0*s = -4*y + 19. Let u(c) 